ctors of 4924227003?
3, 691, 2375411
What are the prime factors of 50331378?
2, 3, 2357, 3559
What are the prime factors of 33122493?
3, 97, 12647
What are the prime factors of 742196992?
2, 647, 4481
List the prime factors of 4724850804.
2, 3, 393737567
List the prime factors of 34032649.
7, 4861807
List the prime factors of 176824543.
7, 61, 414109
List the prime factors of 187144715.
5, 353, 106031
List the prime factors of 241202409.
3, 7, 17, 587, 1151
What are the prime factors of 54076321?
13, 4159717
What are the prime factors of 100286573?
3449, 29077
What are the prime factors of 8767331?
113, 77587
What are the prime factors of 1415327745?
3, 5, 13, 29, 250279
What are the prime factors of 2222783529?
3, 25819, 28697
What are the prime factors of 149494394?
2, 7, 19, 80287
What are the prime factors of 20416448?
2, 13, 53, 463
What are the prime factors of 181296825?
3, 5, 2417291
What are the prime factors of 456431255?
5, 7, 137, 95189
What are the prime factors of 5078703?
3, 7, 34549
List the prime factors of 25498784.
2, 577, 1381
List the prime factors of 86538214.
2, 7, 101, 1249
What are the prime factors of 88477957?
88477957
What are the prime factors of 68834318?
2, 7, 702391
List the prime factors of 91444797.
3, 37, 274609
List the prime factors of 1096564326.
2, 3, 11, 13, 1278047
List the prime factors of 7421919926.
2, 83, 137, 326353
What are the prime factors of 295566109?
19, 15556111
What are the prime factors of 55821088?
2, 19, 91811
List the prime factors of 61255152.
2, 3, 7, 67, 907
List the prime factors of 100818938.
2, 11, 83, 55213
What are the prime factors of 201304480?
2, 5, 13, 17, 5693
What are the prime factors of 37384539?
3, 89, 163, 859
List the prime factors of 1613934658.
2, 7, 3547, 4643
List the prime factors of 82398410.
2, 5, 1297, 6353
List the prime factors of 418921900.
2, 5, 4189219
List the prime factors of 464719170.
2, 3, 5, 15490639
List the prime factors of 254895979.
13, 19607383
List the prime factors of 252932570.
2, 5, 11, 2299387
List the prime factors of 72134468.
2, 7, 17, 21649
List the prime factors of 121999561.
149, 227, 3607
List the prime factors of 59251931.
4993, 11867
List the prime factors of 357507764.
2, 37, 2415593
List the prime factors of 58821716.
2, 41, 358669
What are the prime factors of 1688521138?
2, 239, 353, 10007
List the prime factors of 1347651146.
2, 673825573
List the prime factors of 580348477.
367, 499, 3169
What are the prime factors of 595892862?
2, 3, 1226117
What are the prime factors of 3355066817?
3355066817
What are the prime factors of 64110041?
547, 117203
List the prime factors of 1906385939.
181, 10532519
List the prime factors of 313074898.
2, 1289, 121441
List the prime factors of 102962826.
2, 3, 569, 1117
List the prime factors of 1783540499.
13, 17, 8070319
What are the prime factors of 54116953?
11, 23, 213901
List the prime factors of 1090443009.
3, 363481003
What are the prime factors of 3294401819?
37, 167, 563, 947
List the prime factors of 1330016905.
5, 7, 613, 61991
List the prime factors of 28047034.
2, 41, 342037
List the prime factors of 3093373846.
2, 1546686923
List the prime factors of 190265963.
83, 2292361
What are the prime factors of 415326592?
2, 17, 31, 47, 131
List the prime factors of 304045110.
2, 3, 5, 1126093
What are the prime factors of 278221935?
3, 5, 107, 173347
What are the prime factors of 954112897?
67, 463, 30757
What are the prime factors of 272779570?
2, 5, 7, 556693
What are the prime factors of 1340145802?
2, 17, 89, 227, 1951
List the prime factors of 30647028.
2, 3, 157, 16267
List the prime factors of 855434812.
2, 281, 577, 1319
List the prime factors of 2640742813.
29, 151, 603047
What are the prime factors of 3777655662?
2, 3, 11, 19079069
What are the prime factors of 58624844?
2, 31, 101, 151
What are the prime factors of 81488311?
43, 89, 107, 199
What are the prime factors of 9511954?
2, 47, 2153
List the prime factors of 80121844.
2, 11, 165541
List the prime factors of 40216074.
2, 3, 89, 127, 593
What are the prime factors of 143098930?
2, 5, 13, 103, 10687
What are the prime factors of 99075512?
2, 89, 227, 613
What are the prime factors of 15594099?
3, 5198033
List the prime factors of 4548615458.
2, 5581, 407509
What are the prime factors of 31489368?
2, 3, 37, 35461
List the prime factors of 213942731.
47, 4551973
What are the prime factors of 39488855?
5, 7, 89, 1811
What are the prime factors of 693710936?
2, 86713867
List the prime factors of 736674044.
2, 184168511
List the prime factors of 3166491238.
2, 47, 157, 214561
What are the prime factors of 116573152?
2, 3642911
List the prime factors of 93105651.
3, 17, 1825601
List the prime factors of 47923079.
47923079
List the prime factors of 644101200.
2, 3, 5, 23, 2593
What are the prime factors of 54355072?
2, 23, 37, 499
What are the prime factors of 603629808?
2, 3, 241, 52181
List the prime factors of 642603905.
5, 151, 851131
What are the prime factors of 29495883?
3, 1627, 6043
List the prime factors of 1640997979.
199, 8246221
What are the prime factors of 6000140815?
5, 19, 3931, 16067
List the prime factors of 844335969.
3, 89, 449, 7043
What are the prime factors of 123275245?
5, 17, 1450297
What are the prime factors of 524767218?
2, 3, 23, 1723, 2207
List the prime factors of 989014091.
13, 47, 1618681
List the prime factors of 21542549.
7, 3077507
What are the prime factors of 27065706?
2, 3, 593, 7607
What are the prime factors of 1330293903?
3, 149, 421, 7069
What are the prime factors of 191352469?
7, 11, 29, 67, 1279
What are the prime factors of 2947710292?
2, 67, 641, 17159
List the prime factors of 146069908.
2, 53, 557, 1237
List the prime factors of 108978533.
41, 2658013
List the prime factors of 900577803.
3, 29, 139, 74471
List the prime factors of 660765441.
3, 7, 131, 34313
List the prime factors of 51871859.
13, 113, 35311
What are the prime factors of 1204920919?
34667, 34757
List the prime factors of 5872685839.
2801, 2096639
What are the prime factors of 588224650?
2, 5, 13, 17, 53233
List the prime factors of 1617145057.
11, 147013187
What are the prime factors of 54852248?
2, 11, 623321
What are the prime factors of 1171337783?
7, 11, 19, 42139
What are the prime factors of 162814014?
2, 3, 11, 822293
List the prime factors of 329191883.
31, 10619093
List the prime factors of 2260129287.
3, 13, 19, 3050107
What are the prime factors of 331247220?
2, 3, 5, 1289, 4283
What are the prime factors of 123819716?
2, 1327, 23327
What are the prime factors of 138465762?
2, 3, 43, 71, 7559
What are the prime factors of 453359673?
3, 13, 41, 10501
List the prime factors of 11984461.
11984461
List the prime factors of 57063491.
1291, 44201
What are the prime factors of 154907551?
19, 67, 121687
What are the prime factors of 981529772?
2, 61, 4022663
What are the prime factors of 3212511255?
3, 5, 701, 101839
List the prime factors of 1477638317.
17, 6299, 13799
List the prime factors of 163269028.
2, 13, 3139789
What are the prime factors of 135276189?
3, 2711, 16633
What are the prime factors of 133691953?
133691953
List the prime factors of 54873560.
2, 5, 7, 195977
List the prime factors of 339017576.
2, 42377197
What are the prime factors of 211251929?
7, 30178847
List the prime factors of 2248092622.
2, 2161, 520151
What are the prime factors of 551287?
11, 23, 2179
What are the prime factors of 2727125561?
7759, 351479
What are the prime factors of 3571057402?
2, 11, 1667, 97373
What are the prime factors of 74790162?
2, 3, 1385003
List the prime factors of 37373329.
7, 762721
What are the prime factors of 24386954?
2, 659, 18503
List the prime factors of 10618990.
2, 5, 281, 3779
What are the prime factors of 27914298?
2, 3, 29, 137, 1171
List the prime factors of 263571068.
2, 4561, 14447
What are the prime factors of 123509522?
2, 17, 3632633
List the prime factors of 307023738.
2, 3, 7, 71, 149, 691
What are the prime factors of 500413723?
83, 6029081
List the prime factors of 194374138.
2, 7, 13883867
What are the prime factors of 2868310395?
3, 5, 19, 29, 3989
List the prime factors of 45246377.
11, 373937
What are the prime factors of 21939344?
2, 7, 195887
What are the prime facto